reatest common divisor of 170 and 8790?
10
What is the greatest common divisor of 374 and 7986?
22
Calculate the highest common divisor of 1475 and 31975.
25
Calculate the greatest common divisor of 1416 and 1176.
24
Calculate the highest common factor of 770 and 3630.
110
Calculate the highest common factor of 48 and 10410864.
48
Calculate the highest common factor of 1824 and 26112.
96
What is the greatest common divisor of 33180 and 2345?
35
What is the highest common divisor of 310 and 50?
10
Calculate the highest common factor of 35952 and 264.
24
Calculate the highest common divisor of 18 and 839133.
9
Calculate the highest common factor of 12 and 99960.
12
Calculate the highest common factor of 155 and 374883.
31
Calculate the greatest common divisor of 34395 and 750.
15
Calculate the greatest common divisor of 57570 and 1748.
38
What is the greatest common divisor of 812 and 7042?
14
Calculate the highest common factor of 258 and 384.
6
Calculate the greatest common divisor of 953546 and 66.
22
What is the greatest common factor of 17974 and 5246?
86
What is the greatest common factor of 10858 and 94306?
122
Calculate the highest common factor of 39 and 4875.
39
Calculate the highest common factor of 94236 and 108.
12
What is the greatest common divisor of 94 and 10293?
47
Calculate the highest common divisor of 263921 and 14.
7
Calculate the greatest common factor of 2020156 and 190.
38
What is the greatest common factor of 84 and 16164?
12
What is the highest common factor of 72 and 62658?
18
What is the greatest common factor of 12474 and 4326?
42
Calculate the greatest common divisor of 248 and 2376522.
62
Calculate the highest common factor of 19027 and 6103.
359
Calculate the greatest common factor of 179505 and 495.
45
What is the highest common divisor of 2 and 144010?
2
Calculate the greatest common divisor of 854 and 966.
14
What is the greatest common factor of 3 and 30098?
1
Calculate the highest common factor of 17342 and 232.
58
Calculate the greatest common divisor of 10 and 22415.
5
Calculate the highest common factor of 504 and 25011.
63
Calculate the highest common divisor of 169138 and 152.
38
Calculate the highest common divisor of 1082276 and 99262.
3202
Calculate the highest common factor of 550002 and 93.
93
What is the greatest common factor of 169776 and 393?
393
What is the greatest common divisor of 1078028 and 42?
14
Calculate the greatest common divisor of 955539 and 195.
39
Calculate the greatest common factor of 30 and 403455.
15
Calculate the greatest common factor of 17970 and 4193.
599
Calculate the highest common divisor of 15262 and 754.
26
Calculate the greatest common divisor of 1710 and 4902.
114
What is the greatest common factor of 181038 and 78492?
1266
What is the highest common divisor of 17034 and 30?
6
Calculate the highest common factor of 114 and 59694.
6
What is the highest common factor of 1001 and 270517?
13
Calculate the greatest common factor of 249 and 1559487.
249
Calculate the highest common factor of 342 and 289206.
18
What is the greatest common factor of 1958 and 774478?
178
What is the greatest common divisor of 232609 and 3085?
617
What is the greatest common divisor of 57 and 185896?
19
Calculate the highest common factor of 578 and 112.
2
What is the greatest common divisor of 4825521 and 1252?
313
What is the highest common divisor of 23809 and 696?
29
What is the greatest common factor of 1957 and 28531?
103
What is the greatest common divisor of 122664 and 760?
152
What is the greatest common divisor of 148 and 5?
1
What is the greatest common divisor of 108 and 3156?
12
Calculate the highest common divisor of 2097 and 239757.
699
What is the greatest common factor of 57297 and 284?
71
What is the highest common divisor of 3 and 84108?
3
Calculate the greatest common divisor of 525 and 128310.
105
What is the highest common factor of 550 and 8125?
25
What is the highest common divisor of 17466 and 43026?
426
Calculate the greatest common divisor of 8825 and 1412.
353
Calculate the greatest common divisor of 2472 and 3163336.
824
Calculate the greatest common divisor of 204 and 384234.
102
What is the greatest common factor of 3616 and 15102224?
1808
What is the highest common factor of 861 and 5289?
123
Calculate the greatest common divisor of 361375 and 750.
125
Calculate the greatest common factor of 104 and 10556.
52
What is the highest common divisor of 922828 and 164?
164
Calculate the greatest common factor of 15995 and 35.
35
What is the greatest common factor of 2773 and 3431?
47
What is the greatest common divisor of 144 and 1262052?
36
Calculate the highest common factor of 980 and 1274.
98
What is the greatest common divisor of 16796 and 15366?
26
Calculate the highest common factor of 1528858 and 62.
62
What is the greatest common divisor of 348 and 8700?
348
Calculate the highest common divisor of 2574 and 14300.
286
What is the highest common factor of 96 and 78594?
6
What is the highest common divisor of 1185860 and 1456?
52
What is the highest common divisor of 12 and 55008?
12
What is the greatest common factor of 156 and 47478?
6
Calculate the highest common divisor of 8350 and 850.
50
Calculate the highest common divisor of 10 and 165640.
10
Calculate the greatest common factor of 97 and 299.
1
Calculate the greatest common divisor of 10844983 and 23.
23
What is the greatest common factor of 5868 and 5436?
36
Calculate the highest common factor of 925 and 1982275.
925
Calculate the highest common divisor of 656 and 6064.
16
Calculate the greatest common factor of 36535 and 5.
5
Calculate the highest common factor of 2928 and 943914.
366
What is the greatest common divisor of 129856 and 576?
64
Calculate the highest common divisor of 221 and 13624.
13
Calculate the greatest common factor of 22 and 4543.
11
Calculate the highest common divisor of 2840 and 182470.
710
Calculate the greatest common factor of 408 and 61098.
102
What is the greatest common factor of 525 and 3087?
21
What is the highest common divisor of 9048 and 10218?
78
Calculate the highest common divisor of 168 and 78204.
84
Calculate the highest common factor of 27592 and 8.
8
What is the highest common divisor of 7092 and 5796?
36
What is the highest common factor of 6 and 83?
1
Calculate the greatest common factor of 2161740 and 210.
210
What is the greatest common factor of 8262 and 125154?
306
Calculate the highest common divisor of 37764 and 384.
12
What is the greatest common factor of 390 and 2920970?
130
What is the highest common divisor of 1272879 and 2796?
699
What is the greatest common divisor of 4475 and 537?
179
Calculate the greatest common factor of 9225 and 2550.
75
Calculate the highest common divisor of 24769 and 141.
47
What is the highest common factor of 300 and 3143100?
300
Calculate the greatest common divisor of 56196 and 1008.
252
What is the greatest common factor of 21583 and 1017?
113
What is the greatest common divisor of 11196 and 396?
36
What is the greatest common divisor of 10440 and 928290?
870
Calculate the greatest common factor of 14070 and 1050.
210
Calculate the greatest common divisor of 365436 and 216.
36
What is the highest common factor of 3650 and 1241?
73
What is the highest common divisor of 36 and 59868?
36
Calculate the highest common factor of 2641724 and 664.
332
What is the greatest common factor of 102 and 4741827?
51
What is the highest common factor of 52110 and 1350?
270
What is the highest common factor of 570 and 1691?
19
What is the greatest common divisor of 836 and 15554?
22
What is the greatest common divisor of 35235 and 1885?
145
Calculate the greatest common divisor of 3741851 and 757.
757
What is the greatest common factor of 4632 and 246?
6
What is the highest common factor of 312 and 25701?
39
Calculate the highest common factor of 4293037 and 147.
49
What is the greatest common factor of 197388 and 144?
36
Calculate the greatest common divisor of 34656 and 3072.
96
Calculate the greatest common factor of 183 and 86091.
3
What is the highest common factor of 5325534 and 54?
54
Calculate the highest common divisor of 45675 and 189.
63
What is the highest common factor of 8 and 4562632?
8
Calculate the highest commo